k be w(p). List the prime factors of (-5)/10 + k/(-4).
2
Suppose 29*u = -16848 + 61305. List the prime factors of u.
3, 7, 73
Let k(m) = -24*m**2 + 3*m + 5. Let f be k(-2). Let o = f + 149. What are the prime factors of o?
2, 13
List the prime factors of (2/3)/((-4)/6786*-3).
13, 29
Suppose -22*u + 21*u = -1, -5*u = 5*g - 7920. List the prime factors of g.
1583
Let b = 18 - 8. Let q(x) = 4*x**2 + 2 + 14*x - 15 - 15*x**2 + x**3. What are the prime factors of q(b)?
3
Let w(y) = 8*y**2 - 2*y + 1. Let m be w(2). Let k = m - 25. Suppose 87 = k*h - 9. List the prime factors of h.
2, 3
Let b = 57 + -47. Suppose -89 + 1199 = b*u. List the prime factors of u.
3, 37
Let i be (-5)/(-3 + 1 + 1). Let d be (-36)/(-90) + 96/10. Suppose -3 - d = -z + 4*k, 4*z + i*k = 157. What are the prime factors of z?
3, 11
Suppose -667 = -10*a + 1403. What are the prime factors of a?
3, 23
Suppose 7*h - 3*h = 8. Suppose -h*c = -5*o + 344, -4*o = o + 2*c - 356. List the prime factors of o.
2, 5, 7
Suppose -h = -0*h - 12. Suppose -8*r = -h*r + 720. What are the prime factors of r?
2, 3, 5
Suppose 281 = 2*j + h + 33, -3*j - 3*h = -375. Let p = j + 137. List the prime factors of p.
2, 5, 13
Let z = -2914 - -6818. List the prime factors of z.
2, 61
Let l be -5 + 0 - (-6 + 2). List the prime factors of 455/5 + l - 0.
2, 3, 5
Suppose -2*z - 364 = -1724. What are the prime factors of z?
2, 5, 17
Suppose 4*o = -3*n + 7, o = -n - 1 + 2. Let k be (-10)/n*6/4. Let s = k - -6. What are the prime factors of s?
11
Suppose -3*c + w + 4*w + 6367 = 0, 3*c = -2*w + 6332. What are the prime factors of c?
2, 7, 151
Let i be 6/(-15) - (-17)/5. Let n(y) = -2*y**3 + i*y**3 + 7 - 5*y + 6 - 10 + 6*y**2. List the prime factors of n(-6).
3, 11
Let w(l) = l**3 + 5*l**2 - 8*l - 7. Let h be w(-6). Suppose h*i = -11 - 9, i + 79 = k. Let m = k + -42. What are the prime factors of m?
3, 11
Let r be 2/(-6) + 365/15. Suppose -4*a - r = -2*i, -3*a + 2*a = -2*i + 12. What are the prime factors of i?
2
Let h = -2311 + 5092. What are the prime factors of h?
3, 103
Suppose 2*w = 4*w - 2*h - 2, 0 = -w - 3*h + 21. Let c be 9/w*(-48)/(-18). Suppose b + 5*s - 33 = 0, 5*s - 144 + 27 = -c*b. What are the prime factors of b?
2, 7
What are the prime factors of 141 + 1 - (-5 - -8)?
139
Let t(u) = 4*u + 25. Let c be t(15). Let o = c + 9. What are the prime factors of o?
2, 47
Let d(r) = 4*r**2 + 2*r + 1. Let n be d(-1). Suppose -5*k - y = -n*y, y = 4*k. Suppose -22 = -k*v - v. List the prime factors of v.
2, 11
Suppose -26 = -9*m + 109. Let h(x) be the second derivative of x**3/6 - 5*x**2 + 2*x. What are the prime factors of h(m)?
5
Let z(h) = 10*h + 26. Let q be z(-5). Let d = 323 - q. What are the prime factors of d?
347
List the prime factors of (((-12)/(-3))/4)/((-4)/(-6012)).
3, 167
Let d(r) = -3*r**2 + 93*r + 82. List the prime factors of d(28).
2, 167
List the prime factors of -4 - (-67 - 0)*30.
2, 17, 59
Let z be ((-15)/(-20))/((-2)/88). Let h = z - -78. What are the prime factors of h?
3, 5
Let f = -8 + 12. Suppose 0 = i + 3*p - 5 - f, -4*p = -12. Suppose i = -4*y + y + 6. What are the prime factors of y?
2
Let w(j) be the first derivative of -j**5/20 + j**4/2 + j**3/2 - 4*j**2 + j + 2. Let c(k) be the first derivative of w(k). What are the prime factors of c(6)?
2, 5
What are the prime factors of 89*4/(20/35)?
7, 89
Suppose -v = -4*v + 42. Let n = 17 - v. Suppose 0 = 4*d + m - n, 2*d + m = 3*m + 14. List the prime factors of d.
2
Suppose -3*l + 3*v + 3306 = 0, -3*v + 1953 + 251 = 2*l. What are the prime factors of l?
2, 19, 29
Suppose -3*x - 34620 = -15*x. List the prime factors of x.
5, 577
Let k(b) = -3 - 137*b + b**3 - 4*b**2 + 141*b + 7. List the prime factors of k(6).
2, 5
Let v(z) = -z - 7*z**2 - 2 + 8*z**2 + 5. Let d be v(-9). Suppose -97 = -5*l + s, 0 = 5*l + 4*s - 3*s - d. List the prime factors of l.
19
Let a(p) = -p**2 - 8*p + 5. Let u be a(-10). List the prime factors of (-3)/u - 3388/(-35).
97
Let k(q) = 112*q**2 + 24*q + 120. List the prime factors of k(-4).
2, 227
Suppose i = 2*m - 6, 2*i = -3*i - 5*m. List the prime factors of (-18)/((-1)/((-13)/i)).
3, 13
Let x(y) = -y + 3. Let a(p) = p**3 + 5*p**2 + p + 5. Let k be a(-5). Let v be x(k). Suppose -3*c + 9 = -2*m, 9 = 4*c + 2*m - v. List the prime factors of c.
3
Let b(z) = -23*z - 10. Let k(s) be the third derivative of -265*s**4/12 - 115*s**3/3 + 6*s**2. Let p(w) = 70*b(w) - 3*k(w). What are the prime factors of p(-3)?
2, 5
Let g be (-1738)/(-3) + 10/15. Suppose g = -16*u + 20*u. What are the prime factors of u?
5, 29
Let n = 39 - 22. Suppose 5*r + 3 = -n. What are the prime factors of -1 + -3*(-15 + r)?
2, 7
Let n be 6/(-10) + (-20)/50. Let c be (-26)/(-8) + n/4. Suppose 5*u - 53 = -c*j + 3*u, -3*j + 4*u = -65. What are the prime factors of j?
19
Let u(n) = n**3 - n**2 - 2*n + 3. Let q be u(3). Suppose -3*z + 3*c + 7 = 22, c = 2*z + q. List the prime factors of (-15)/z*(-44)/(-6).
11
Suppose -17*s + 5*t + 5157 = -15*s, 3*s - 5*t - 7723 = 0. List the prime factors of s.
2, 1283
Let i(g) = g**2 - 7*g - 13. Let f be i(9). Suppose -f*k - 3*j + 1122 = 0, 225 = 4*k - 5*j - 680. List the prime factors of k.
3, 5
Let k be ((-12)/48 + 1/(-4))*-330. Let h = 234 - k. List the prime factors of h.
3, 23
Let p = 30 + -20. Suppose -8*o - p*o = -756. List the prime factors of o.
2, 3, 7
Let i be (-60)/3*(-1 + 15). Let z(b) = -2*b + 27. Let u be z(14). List the prime factors of i/(-7) + 0 + u.
3, 13
Suppose 0 = 3*d - 3*f - 6702, -11*f = -15*f - 8. List the prime factors of d.
2, 3, 31
Let m(g) = g**2 + 9*g + 5. Let t be m(-7). Let l = t + 14. Suppose -l*a = -a - 8. List the prime factors of a.
2
Let a(s) = s**3 - 2*s**2 + 1. Let d be (-3)/(-21) + (-24)/(-28). Let l be a(d). What are the prime factors of (-1 + l)/(7/(-119))?
17
What are the prime factors of 7*(-2062)/(-14) + -4?
13, 79
Let k = 101 + -99. Suppose 11*f - k*f = 783. What are the prime factors of f?
3, 29
Let l(k) = k**3 + 11*k**2 + k + 15. Let m be l(-11). Let p be (-203)/63 + m/18. What are the prime factors of (-111)/(-3) + 7 + p?
41
What are the prime factors of -9*8/(-36)*339?
2, 3, 113
Suppose 2*d - 33*r + 34*r = 315, -3*r = -d + 168. What are the prime factors of d?
3, 53
Let o = 97 - 95. List the prime factors of o/(-6) + (-552)/(-36).
3, 5
Suppose -5*p = -180 - 40. Suppose 500 - p = 8*q. List the prime factors of q.
3, 19
Let w be (0/(-1))/(-7 - -6). Let a(k) = -k**3 - k**2 - k + 19. Let m be a(w). Let f = 34 - m. What are the prime factors of f?
3, 5
Let t be 464/56 + (-2)/7. Suppose 1677 = t*h + 5*h. List the prime factors of h.
3, 43
Suppose 0 = 5*j - 7 - 8. Suppose -k = v + 2*k + j, 0 = -4*k - 20. Let d(h) = 7*h - 29. What are the prime factors of d(v)?
5, 11
Suppose 3*g - 5*g = 3*u - 313, -2 = -g. Let a = u + -29. What are the prime factors of a?
2, 37
Let t = -22 + 53. Let r = 4 + t. What are the prime factors of r?
5, 7
Let t(f) = f**3 + 7*f**2 - 8*f + 2. Let u be t(-8). Suppose 0 = -u*i + v + 139, -v + 79 = i + 8. What are the prime factors of i?
2, 5, 7
Let a = 70 + -206. Let l = 257 + a. What are the prime factors of l?
11
What are the prime factors of 1110 - (13 - 42/6)?
2, 3, 23
Let h(n) = -3*n - 15. Let v be h(-5). Let w be (-1 + v/(-3))*-15. Suppose -4*t + w = -3*t. List the prime factors of t.
3, 5
Suppose -50 = -2*x + 3178. List the prime factors of x.
2, 3, 269
Suppose -16359 = 21*b - 62*b. List the prime factors of b.
3, 7, 19
Suppose -4*q - 17 + 13 = 0. List the prime factors of 0/3 + q + 49.
2, 3
Suppose -9*m = -737 + 2762. Let o = m - -353. List the prime factors of o.
2
Suppose -16 = -v - 3*v. Suppose 0 = -v*w + 2*w + 74. What are the prime factors of 1 + 2 + -2 + w?
2, 19
Suppose -49875 = 55*t - 148765. What are the prime factors of t?
2, 29, 31
Let j = -426 - -876. Suppose 0 = 3*k - 474 - j. What are the prime factors of k?
2, 7, 11
Suppose -5*d + 1330 = 4*p, -3*d = -4*d - 3*p + 266. What are the prime factors of d?
2, 7, 19
Suppose 138 - 36 = -6*s. Let n = 142 + s. What are the prime factors of n?
5
Suppose 4*w - 4*g = 4160, -5*w - 165 = -2*g - 5350. List the prime factors of w.
3, 5, 23
Let w(i) = 32*i**2 - 4*i - 1. Let t = 44 - 46. List the prime factors of w(t).
3, 5
Suppose 2*y = 3*t + 10229, t + 12406 = 3*y - 2927. List the prime factors of y.
2, 5, 7, 73
